9).
37
Let t(k) = -195*k + 14232. Calculate t(73).
-3
Let l(y) = -756*y + 6035. Calculate l(8).
-13
Let p(g) = 4*g + 41. Determine p(-21).
-43
Let o(v) = -52*v - 203. Give o(-5).
57
Let i(s) = 38*s - 977. What is i(4)?
-825
Let g(r) = 553*r + 1233. What is g(-2)?
127
Let h(g) = -g**3 + 271*g**2 + 826*g + 1. What is h(-3)?
-11
Let p(s) = s**3 + 18*s**2 - 75*s + 43. Calculate p(3).
7
Let a(s) = -19*s**2 + 256*s + 3003. What is a(21)?
0
Let p(m) = -3*m**2 - 17*m + 259. Calculate p(7).
-7
Let q(z) = -23*z + 106. Calculate q(0).
106
Let r(z) = 2*z**2 - 31*z + 106. Calculate r(5).
1
Let k(f) = -77*f - 1221. Determine k(-15).
-66
Let t(p) = -3*p**3 + 9*p**2 - 10*p + 54. Give t(7).
-604
Let z(s) = -s**3 - 2*s**2 + 15*s - 48. Determine z(-11).
876
Let s(u) = u**3 + 10*u**2 + 34*u + 200. What is s(-9)?
-25
Let a(x) = x**3 + 5*x**2 - 10*x + 9. What is a(6)?
345
Let n(v) = -199*v + 196. What is n(4)?
-600
Let c(t) = -t**2 - 92*t - 1396. Determine c(-72).
44
Let z(v) = -13*v**2 + 28*v - 28. What is z(7)?
-469
Let j(c) = -c**2 + 9*c + 239. Determine j(21).
-13
Let j(y) = 84*y - 4122. Give j(49).
-6
Let q(g) = 41*g - 314. What is q(10)?
96
Let c(o) = o**3 - 18*o**2 + 6*o + 420. Give c(16).
4
Let w(b) = -129*b - 16518. What is w(-128)?
-6
Let s(o) = -17*o - 884. Determine s(-57).
85
Let x(k) = k**2 - 142*k + 2385. Give x(20).
-55
Let b(c) = -5*c**2 - 18*c + 12. What is b(-10)?
-308
Let k(j) = -6*j**2 + 28*j + 96. Give k(-4).
-112
Let p(u) = -87*u - 72. Calculate p(-1).
15
Let k(j) = -4742*j - 165958. Give k(-35).
12
Let m(p) = -p**3 + 7*p**2 + 17*p + 47. Calculate m(9).
38
Let z(w) = -w**3 + 103*w**2 - 305*w + 506. What is z(100)?
6
Let r(n) = n**3 + 21*n**2 - 180*n - 3089. Give r(-23).
-7
Let s(n) = n**2 + 86*n + 1300. What is s(-66)?
-20
Let b(c) = -c**3 + 16*c**2 + 571*c - 9416. Give b(17).
2
Let n(a) = -102*a - 1426. What is n(-14)?
2
Let z(l) = -l**3 - 22*l**2 + 12*l + 259. Calculate z(-22).
-5
Let m(w) = -w**3 + 14*w**2 - 37*w + 20. Give m(10).
50
Let f(p) = -p**3 + 9*p**2 - 28*p + 29. What is f(6)?
-31
Let u(x) = -x**2 + 405*x - 3221. Give u(8).
-45
Let p(i) = -2*i**2 + 19*i - 13. Give p(7).
22
Let x(j) = 2*j**2 + 209*j + 712. Calculate x(-101).
5
Let n(z) = -2*z**3 - 20*z**2 - 34*z - 23. Determine n(-8).
-7
Let l(w) = 2*w**3 - 2*w**2 - 15*w + 5. What is l(-3)?
-22
Let d(s) = 4*s**2 + 111*s + 315. Calculate d(-3).
18
Let v(s) = 128*s - 8074. What is v(63)?
-10
Let c(r) = -10*r**3 + 728*r**2 + 144*r + 174. Give c(73).
28
Let h(x) = -1672*x + 25072. Calculate h(15).
-8
Let z(a) = a**3 + 18*a**2 - 54. What is z(-18)?
-54
Let r(w) = -w**3 - 21*w**2 + 6*w - 102. Give r(-20).
-622
Let c(p) = 30*p + 423. Give c(-18).
-117
Let o(a) = -4584*a + 32095. What is o(7)?
7
Let w(i) = -i**3 + 143*i**2 - 3042*i - 9. What is w(117)?
-9
Let o(y) = -y**3 + 61*y**2 - 913*y - 112. Determine o(27).
23
Let h(f) = 155*f - 603. Determine h(3).
-138
Let u(q) = 385*q - 1954. Calculate u(5).
-29
Let k(f) = -46*f + 3169. Determine k(69).
-5
Let s(d) = -2*d**2 - 61*d + 23181. Calculate s(-124).
-7
Let a(g) = -3*g**2 - 21*g + 24. Determine a(-7).
24
Let d(x) = -2*x**2 - 2821*x - 28002. Determine d(-10).
8
Let a(l) = 10*l**2 - 209*l - 29. Give a(21).
-8
Let o(l) = -2*l**3 + 50*l**2 + 43*l + 243. Determine o(26).
9
Let w(m) = -6*m**2 - 46*m - 94. Calculate w(-2).
-26
Let c(p) = p**2 + 11*p + 94. Give c(-12).
106
Let d(w) = 21419*w - 42834. Calculate d(2).
4
Let f(x) = 2*x**3 - 37*x**2 - 22*x + 79. Give f(19).
22
Let j(p) = 22*p - 296. Determine j(14).
12
Let y(d) = -4*d**2 + 169*d + 71. Give y(43).
-58
Let i(a) = -a**3 - 23*a**2 + 139*a + 839. Calculate i(-27).
2
Let z(c) = -c**3 - 13*c**2 - 7*c - 12. Determine z(-8).
-276
Let n(q) = -288*q - 43. Calculate n(1).
-331
Let a(b) = 19*b + 149. Determine a(17).
472
Let r(n) = 45*n**2 - 7562*n + 339. What is r(168)?
3
Let k(s) = -4*s**2 - 88*s - 423. Give k(-15).
-3
Let g(q) = 21265*q + 63790. Calculate g(-3).
-5
Let j(k) = 15*k**2 - 467*k + 64. Give j(31).
2
Let f(z) = z**3 - 10*z**2 - 160*z - 372. Calculate f(-3).
-9
Let b(i) = -4*i**3 - 451*i**2 + 115*i + 230. What is b(-113)?
4
Let q(o) = 226*o + 5233. Calculate q(-23).
35
Let a(d) = -12*d**3 + 102*d**2 - 23*d - 5. What is a(8)?
195
Let r(t) = 41*t - 749. Calculate r(18).
-11
Let u(l) = 139*l**2 - 1944*l - 52. What is u(14)?
-24
Let m(b) = 12*b**2 + b + 122. Calculate m(0).
122
Let a(w) = 3*w**2 - 9*w - 2596. Determine a(31).
8
Let y(g) = -126*g**2 - 4*g - 1. Calculate y(-1).
-123
Let z(i) = -i**3 + 2*i**2 - 11*i - 150. What is z(-6)?
204
Let c(u) = 151*u - 771. Determine c(5).
-16
Let g(w) = w**3 - 7*w**2 + w + 6. Calculate g(4).
-38
Let x(a) = a**3 + 61*a**2 + 452*a - 834. Give x(-52).
-2
Let j(h) = 4736*h + 52096. What is j(-11)?
0
Let l(a) = -50*a + 629. Calculate l(18).
-271
Let u(t) = 2*t**2 + 26*t - 113. What is u(7)?
167
Let o(l) = 27*l**2 + 4*l + 4. Calculate o(-1).
27
Let u(g) = -30*g**2 - 122*g + 122. Determine u(1).
-30
Let z(d) = -2*d**3 - 53*d**2 + 28*d - 91. Give z(-27).
-118
Let m(z) = -72*z - 3314. Determine m(-46).
-2
Let d(y) = 1537*y + 24599. Determine d(-16).
7
Let n(z) = -351*z - 635. Give n(-3).
418
Let n(x) = -x**3 + 69*x**2 - 811*x + 48. Determine n(54).
-6
Let s(w) = 3*w**2 - 18*w + 8. What is s(1)?
-7
Let p(d) = 8*d**3 + 7*d**2 + 10*d. Calculate p(-3).
-183
Let p(o) = -31*o - 240. Give p(-6).
-54
Let l(q) = -2*q**3 - 234*q**2 - 4*q - 465. Determine l(-117).
3
Let t(b) = 4390*b - 26344. Calculate t(6).
-4
Let u(q) = -19*q + 30. What is u(-2)?
68
Let t(u) = -2*u**2 + 27*u - 82. Give t(11).
-27
Let f(l) = 37*l + 842. Give f(-21).
65
Let l(h) = -h**3 - 15*h**2 + 38*h + 550. Determine l(-15).
-20
Let f(a) = 14*a + 362. What is f(-27)?
-16
Let b(t) = -47*t - 511. Determine b(-11).
6
Let j(o) = -623*o - 2514. Determine j(-4).
-22
Let l(j) = -15273*j - 76367. Give l(-5).
-2
Let r(p) = -246*p - 42572. What is r(-173)?
-14
Let m(k) = 90*k - 575. Give m(4).
-215
Let n(r) = 27*r**2 - 88*r - 112. Give n(4).
-32
Let b(a) = -3*a**3 + 13*a - 24. Calculate b(3).
-66
Let n(w) = -2*w**3 - 16*w**2 + 64*w + 474. Calculate n(-7).
-72
Let a(c) = 9*c**3 + 36*c**2 + c + 1. What is a(-5)?
-229
Let a(n) = 7*n**2 + 47*n + 418. Determine a(-7).
432
Let q(d) = 2*d**3 - 46*d**2 + 84*d - 64. Give q(21).
-64
Let l(m) = 2*m**2 + 100*m + 180. Calculate l(-49).
82
Let s(g) = -10924*g + 43703. What is s(4)?
7
Let g(c) = 23*c**2 + 14*c + 35. Calculate g(-3).
200
Let z(r) = -1090*r - 4369. Calculate z(-4).
-9
Let r(z) = z**3 + 23*z**2 + 67*z + 27. What is r(-20)?
-113
Let a(l) = -l**3 + 11*l**2 - 22*l + 135. What is a(10)?
15
Let q(m) = -m**2 + 19*m - 49. Determine q(15).
11
Let j(l) = -l**2 + 5*l + 15. Give j(8).
-9
Let a(f) = 3*f**2 + 86*f + 443. Give a(-7).
-12
Let m(o) = o**3 + 21*o**2 + 92*o + 1438. Determine m(-20).
-2
Let b(q) = q**3 + 50*q**2 - 533*q - 123. What is b(-59)?
-5
Let u(k) = 17*k - 143. Give u(-16).
-415
Let g(v) = -v**3 + 16*v**2 + 44*v - 152. Give g(18).
-8
Let y(d) = d**3 - 34*d**2 + 117*d - 58. Determine y(30).
-148
Let x(i) = -i**2 - 909*i + 30109. Give x(32).
-3
Let y(k) = 190*k - 2838. Calculate y(14).
-178
Let m(s) = -s**3 + 200*s**2 - 387*s - 1768. Determine m(198).
14
Let z(d) = 3*d**2 - 20*d + 30. Calculate z(4).
-2
Let x(b) = b**3 + 4*b**2 - 5*b - 65. Give x(-6).
-107
Let y(d) = 2*d**2 - 208*d - 36. Give y(104).
-36
Let x(p) = -7*p - 25. Give x(-5).
10
Let g(z) = 37*z - 734. Give g(20).
6
Let v(m) = 2*m**3 - 4*m**2 + 2. What is v(3)?
20
Let b(z) = 2*z**2 + 80*z - 1097. Calculate b(11).
25
Let c(g) = 9*g + 460. Determine c(-38).
118
Let z(o) = 6*o**3 - 589*o**2 + 103*o - 489. Calculate z(98).
1
Let j(x) = 22*x**2 + 15*x + 7. Calculate j(-1).
14
Let k(s) = -60*s - 22. What is k(2)?
-142
Let l(p) = -4*p**3 + 13*p**2 + 12*p - 22. Calculate l(5).
-137
Let k(m) = 2*m**3 - 11*m**2 + 9*m - 20. Calculate k(5).
0
Let n(x) = -51*x - 590. Give n(-13).
73
Let q(m) = m**2 - 19*m - 235. Calculate q(-8).
-19
Let b(l) = -136*l + 2825. What is b(21)?
-31
Let s(i) = -192*i - 3844. Determine s(-20).
-4
Let d(h) = 117*h - 569. Give d(5).
16
Let p(k) = 27*k**3 + 2*k**2 + 61*k - 58. Give p(1).
32
Let g(d) = -d**2 - 14*d - 41. Calculate g(-14).
-41
Let r(i) = -i**2 + 108*i - 601. What is r(6)?
11
Let k(v) = -v**3 + 194*v**2 - 463*v + 52107. Determine k(193).
-3
Let a(p) = 2*p**3 - 12*p*